19 + -22) - 1.
-1
Calculate -32 + 59 - (-26 - -28).
25
Evaluate 64 - 71 - (15 + -5).
-17
Evaluate -7 - 12 - -40 - 11.
10
What is the value of (-5 - -27) + 8 + (7 - (3 + 21))?
13
What is 7 - 0 - 11 - 5?
-9
What is the value of 558 - 564 - (-2 + -9 - 1)?
6
What is -4 + (-6 + 3 + -6 - -10)?
-3
What is the value of -4 + -7 + 3 - (-44 + 33)?
3
-4 + -17 + 5 - -4 - (-15 + 18)
-15
Evaluate (12 - (19 - -3)) + 1.
-9
Evaluate 34 - 24 - ((-15 - -6) + 2 + 0).
17
Evaluate (14 - 10) + (20 - 9).
15
Calculate (-7 - (-2 + -4 + 6)) + 2 - -8.
3
Evaluate -13 + 4 + 5 + 4 + -19 + 2.
-17
What is (10 - 11) + 10 + -2 + -4 + -26?
-23
Calculate 6 + 1 + -1 + (-292 - -286) + -4.
-4
Evaluate 0 - 17 - 20 - -20.
-17
Calculate 111 + -114 - (12 + -2 - (1 + 2)).
-10
What is -17 - ((-6 - 7) + -3)?
-1
What is -17 + (-32 - -58) + -4?
5
What is the value of 44 + -25 + 3 + -2?
20
Evaluate (1 - 2) + 3 + (41 - -5 - 43).
5
What is 2 - (2 + (-24 - 1)) - (111 + -109)?
23
(-24 - (-10 - 5)) + 19
10
(2 - (10 - 5)) + (5 - 7) + 12
7
12 + -10 - 16 - -20
6
Calculate (2 - 0) + (11 - 0) - 7 - 9.
-3
What is the value of -14 - (6 + -10 + -8)?
-2
What is -9 + 44 - (-21 + 46)?
10
Evaluate (2 - -14) + (50 - 65).
1
What is the value of 7 - (2 - -28 - (13 + (-10 - 2)))?
-22
Calculate -12 + 5 + 14 + (8 - -1).
16
What is -15 - ((12 - 32) + -13)?
18
What is -14 - (11 - (11 - -20 - 15))?
-9
What is (-6 - -7) + (-3 - (14 - 4 - -2))?
-14
What is the value of -11 + (-15 - (13 - (19 - 8)))?
-28
Evaluate 4 - 8 - (-32 + 19).
9
What is the value of -13 + 3 + 17 - (11 - 0)?
-4
Evaluate -3 + 0 + -4 + 5 + 5.
3
What is (5 + (-3 - 1) - (1 - -1)) + -12?
-13
Evaluate 658 + -694 + (-1 - -32).
-5
What is the value of 27 + (-18 - -4) + -10?
3
7 + (0 + 3 + -1 - 24) + 5
-10
Evaluate -12 + (2 - (2 - (-4 + 15))).
-1
What is the value of 105 + -108 - (-6 - 2)?
5
-3 + 7 + 0 + 3 + -17 + 5
-5
What is the value of (-14 - -8) + (2 - (-5 - -1) - 5)?
-5
What is 19 + -40 + 40 + 0 + -5?
14
Calculate 21 + -17 - (11 + (2 - -2 - 6)).
-5
20 - (22 + (23 - 36))
11
What is 0 + (-8 + 8 - (5 - (1 - 0)))?
-4
Evaluate 11 + -2 + -9 + 3.
3
What is the value of 4 + (-2 - 7 - 0)?
-5
0 - -6 - 1 - ((-13 - -6) + 5)
7
Calculate 0 + 1 - (-101 + 104).
-2
What is the value of 0 - (-13 - -11) - -1?
3
Calculate -54 + -29 + 58 - 0.
-25
Calculate (30 - 36) + -4 + -1.
-11
Evaluate (-648 - -664) + -2 + -3 + 4.
15
Calculate -22 + (17 - 10) - -19 - (21 + 2).
-19
Evaluate -5 + (12 - 17) + -7 + 0 + -4.
-21
What is the value of 20 - (-14 + 7 - -30)?
-3
What is -6 + (-4 - (-8 + -5)) + 4 + -8?
-1
What is -3 - (4 + 3) - -21?
11
Calculate 2 + 8 + -11 - (-1 + 4).
-4
Evaluate -15 - (-6 + -13 + 5) - -9.
8
Calculate 1 - 1 - -13 - (-1573 + 1573).
13
What is (-1 - -1) + 5 + (-4 - 36)?
-35
Calculate 32 + -47 + (4 - 2) + 3.
-10
What is the value of 9 + 3 - (-13 - -47)?
-22
7 + (16 - 19) + -17
-13
Calculate (22 - (29 - -2)) + 34.
25
(0 - -3) + -5 + 211 + -193
16
What is the value of 7 + 4 + -5 + (-8 - 4)?
-6
Calculate -8 + (-6 - (9 - 32)).
9
Calculate 707 + -742 + (15 - 0).
-20
What is (-5 - -2 - -4) + (-20 - (22 + -37))?
-4
15 + (16 - 32) + 12
11
What is (135 + -96 - 49) + (1 + 2 - 0)?
-7
Evaluate (-4 - 4 - (-10 - -5)) + -8.
-11
Evaluate 8 - (-3 + 28 + -31).
14
What is the value of (-8 - ((-10 - -1) + (41 - 31))) + 5?
-4
What is the value of 43 + -24 + (-60 - -21)?
-20
-13 - (5 + -2 + -7)
-9
Calculate 3 + (-7 - (-15 + -16 + 17)).
10
Evaluate -4 - (-8 - -9 - 2) - (-9 - 0).
6
What is (1 - -2) + 5 + (10 - 6) + -2?
10
Calculate 7 + (4 - 7) + -12.
-8
Evaluate -1 + -2 + -5 + (-9 + 23 - -4).
10
Evaluate 0 + -9 + (37 - (-12 - -14)).
26
What is the value of -1 + (-16 - (-1 + 6 - -1 - 8))?
-15
Calculate 14 - (-6 + (15 - -10)).
-5
Evaluate -13 + (8 - (-2 + 6 + -1)) - -1.
-7
Calculate (67 - 76) + (9 - 7).
-7
Calculate 19 + -4 + (-24 - 0).
-9
Calculate -58 + 21 + 0 + -2 + (5 - 0).
-34
What is the value of 12 + -4 + -1 + (4 - (-2 + 6))?
7
What is the value of -17 - ((12 - 46) + 7)?
10
What is the value of 13 - (-38 + 14) - 15?
22
What is (-19 - -20) + (13 - 7)?
7
What is the value of 2 - ((14 - 8) + (-2 - -7))?
-9
Evaluate -38 + (48 - (4 - -2)).
4
Evaluate -8 + (16 - 0 - 4).
4
Calculate (-27 - -29) + -24 + -3 + -1.
-26
Calculate (12 - 8) + -7 + -4 + -1.
-8
Evaluate -15 + -1 + 8 + (1 + -1 - 0).
-8
Calculate (-27 - -5 - -4) + 37.
19
What is (9 - 6) + -18 + (10 - 12)?
-17
29 - 10 - 11 - (37 + 5)
-34
Evaluate 12 - (2 + (-6 - -7)) - (2 + -3).
10
Evaluate -19 + (26 - (-30 - -43)).
-6
What is -29 + 24 + -22 + 4 + 0?
-23
67 + -80 + (2 - (0 - 7))
-4
What is the value of 103 - 115 - (9 + 2) - (-6 + 0)?
-17
What is the value of 11 + 0 + -74 + 31?
-32
-4 + -6 + (8 - -1) - -13 - 4
8
What is (-4 - -21) + -33 + 16?
0
What is 8 + (34 + -38 - (0 - 0)) - -16?
20
Evaluate 12 - (1 + -3 + 11) - (27 - 7).
-17
What is the value of (-3 - (-12 - -15)) + (30 - (-1 - -2))?
23
-16 + 8 + 3 + -5
-10
-183 - -191 - ((-18 - -5) + -1 + 3)
19
-8 + 1 + 9 + -6 - -12
8
Evaluate -4 - (-4 - (-8 + 0)) - -3 - -4.
-1
Evaluate 0 - (3 - -1 - (16 - 12) - -6).
-6
What is the value of 13 + (10 - 10 - 10) + -19?
-16
What is the value of 6 + (79 - 79 - (-5 + 0))?
11
What is the value of (-1 - -7) + 32 + (-18 - -35) + -34?
21
What is 35 - (-10 - (-74 - -28))?
-1
(-13 + -9 + (-1 - -18) - -23) + -2
16
Evaluate -2 + 10 - (134 - 139).
13
Evaluate -4 + 17 - (-19 + -19 + 43).
8
What is -27 + 51 - 39 - 10?
-25
Evaluate -10 - -1 - (-101 - -97) - -8.
3
What is (-2 - 5 - 2 - (-85 + 86)) + 20?
10
-1 - -11 - (-3 - -15)
-2
What is the value of -7 - (-2 + 2) - (-2125 + 2140)?
-22
Calculate (-48 - -53) + (-15 - 2) - -26.
14
What is the value of (15 - 14 - -10) + -20 - (-2 + -9)?
2
Calculate 2 + -6 + (2 - -3).
1
Calculate (-3 - -22 - -1) + (-23 - (-32 - 0)).
29
What is the value of 1 + -7 + 16 + -13?
-3
What is 4 - (1 + 0) - (42 - 52)?
13
Calculate -3 - (23 + -45) - 15.
4
Calculate (-3 + -23 - -18) + 1 + 35.
28
Evaluate 15 + (13 - 13) - 13.
2
0 + 8 - (2 + -8 - (17 + -20))
11
1 + -15 + 23 + -4
5
Calculate 17 + 0 - ((46 - 60) + 17).
14
(0 - -9) + (346 - 363)
-8
Evaluate 13 + 8 + (-21 - -7).
7
Calculate 2 - -3 - 2 - (111 + -90).
-18
What is (-7 + 11 - -6) + 7 + -2 + 0?
15
Calculate -13 - (5 + 8 - 15) - 7.
-18
-372 + 387 - (1 - -13)
1
What is -6 - (11 + (26 - 17) + 0)?
-26
Calculate -12 - (14 - 38 - -24).
-12
Evaluate 3 - (7 + 6 + -9 + 1) - -16.
14
2 + -44 - (86 - 149)
21
What is -9 + (-8 - -3) + -1 + 9 - 5?
-11
3 + -2 - (15 + (-28 - -4))
10
Calculate -6 + 0 + (-2 - 11) + 21.
2
What is -1 + 27 + -28 + -3 + 0 + -1?
-6
-3 - -17 - 16 - -11
9
What is the value of (-4 - (-5 - 4)) + -10?
-5
Evaluate -743 + 730 - (0 + -26 + -1).
14
-2 - (-35 + 33 + (3 - -6))
-9
What is 20 + (2 - 14 - 2)?
6
What is the value of 22 - 15 - (-5 - (0 + -5))?
7
Calculate (4 - (-6 + -25)) + -65.
-30
Evaluate -8 - ((-2 - -5) + (13 - (7 - -4))).
-13
Evaluate 25 + (37 - 30) + -67.
-35
Calculate 0 + -33 - (-43 - -37 - 2).
-25
What is the value of (4 - (-4 - 8 - -8)) + -4?
4
Evaluate 21 - -1 - (0 - (22 + -18)).
26
Calculate -66 + (-37 - -24) + 45.
-34
-4 + (27 - -7) + -19
11
Calculate (-24 - (-5 + 5)) + 2 + (-1 - -1).
-22
Calculate 20 + (-7 - (3 + -2)).
12
6 + 6 + 2 + -11
3
Calculate -17 - (-38 - (-22 - -9)).
8
Calculate 16 + ((-6 - 20) + 2 - -12) + 1.
5
(6 - 8) + 11 + 5
14
17 + -1 - (-11 + 5 - -12)
10
What is -20 + 1 - (-9 + -3 + 4)?
-11
50 + (2 - 59 - -25)
18
Evaluate -8 + 4 + -5 + 28.
19
What is -18 - 45 - -25 - -24?
-14
What is (25 + -4 - 14) + 13 - 1?
19
2 - ((3 - (9 - (1 - -5))) + 3)
-1
Evaluate -295 + 283 + 2 + 0 + 18.
8
What is -2 + 4 - (9 + 1) - (278 + -288)?
2
Calculate -20 + -1 + -19 + -18 + 50.
-8
Calculate -110 - -69 - (-68 + 0).
27
Calculate (17 - (7 + -20 - -4)) + 1 + -8.
19
Calculate (-14 - -18 - 3) + -12.
-11
Calculate (-62 + 24 - -23) + 6 + 0.
-9
-28 - (3 + -21) - (1 - 3 - 1)
-7
9 + (11 - 9) + -8 + 2 - -22
27
Calculate 78 + (18 - 66) + (2 - 14).
18
What is (9 - (16 - (-6 - -7))) + 5?
-1
Calculate 23 - (9 + 6 + -6).
14
3 - ((-6 - -4 - 4) + (7 - 5))
7
What is 19 + -11 + 0 - -3 - -10?
21
-12 + 3 + 1 + (-4 - 0)
-12
Evaluate 11 + (-146 + 103 - (2 + -10)).
-24
(-16 - 9) + 7 + 8
-10
What is the value of 26 + -29 - (-3 + (11 - 1) + 1)?
-11
(-4 - (-16 - 7)) + -32
-13
(58 - 54) + (3 - (-14 - -2 - -3))
16
Calculate 4 + -4 - 1 - 5.
-6
6 + 1 - 2 - (-4 - (3 - 20))
-8
Calculate (1245 - 1263) +